{"id":16221,"date":"2022-12-11T10:35:36","date_gmt":"2022-12-11T10:35:36","guid":{"rendered":"https:\/\/www.psyntegra.com\/despre-noi\/formatori-2\/ionela-larisa-bucur\/"},"modified":"2023-12-17T20:03:02","modified_gmt":"2023-12-17T20:03:02","slug":"ionela-larisa-bucur","status":"publish","type":"page","link":"https:\/\/www.psyntegra.com\/en\/despre-noi\/formatori-2\/ionela-larisa-bucur\/","title":{"rendered":"Ionela-Larisa BUCUR"},"content":{"rendered":"<p>[et_pb_section fb_built=&#8221;1&#8243; admin_label=&#8221;Header&#8221; _builder_version=&#8221;4.19.1&#8243; _module_preset=&#8221;default&#8221; use_background_color_gradient=&#8221;on&#8221; background_color_gradient_stops=&#8221;#0367a5 25%|rgba(46,91,97,0) 100%&#8221; background_color_gradient_overlays_image=&#8221;on&#8221; background_image=&#8221;https:\/\/www.psyntegra.com\/wp-content\/uploads\/2022\/10\/contact.jpg&#8221; custom_padding=&#8221;||8vw||false|false&#8221; bottom_divider_style=&#8221;curve&#8221; bottom_divider_color=&#8221;#FFFFFF&#8221; bottom_divider_height=&#8221;8vw&#8221; locked=&#8221;off&#8221; collapsed=&#8221;off&#8221; global_colors_info=&#8221;{}&#8221;][et_pb_row _builder_version=&#8221;4.17.3&#8243; _module_preset=&#8221;default&#8221; width=&#8221;50%&#8221; width_tablet=&#8221;80%&#8221; width_phone=&#8221;80%&#8221; width_last_edited=&#8221;on|tablet&#8221; global_colors_info=&#8221;{}&#8221; width__hover_enabled=&#8221;off|desktop&#8221;][et_pb_column type=&#8221;4_4&#8243; _builder_version=&#8221;4.17.1&#8243; _module_preset=&#8221;default&#8221; global_colors_info=&#8221;{}&#8221;][et_pb_text _builder_version=&#8221;4.18.0&#8243; _dynamic_attributes=&#8221;content&#8221; _module_preset=&#8221;c16985e1-e0d6-4022-964d-e2bfc04fa633&#8243; header_font=&#8221;Cormorant Garamond|700|||||||&#8221; header_text_color=&#8221;#E1ECEA&#8221; header_font_size=&#8221;90px&#8221; header_line_height=&#8221;1.1em&#8221; text_orientation=&#8221;center&#8221; custom_margin=&#8221;||0px||false|false&#8221; header_font_size_tablet=&#8221;40px&#8221; header_font_size_phone=&#8221;24px&#8221; header_font_size_last_edited=&#8221;on|desktop&#8221; global_colors_info=&#8221;{}&#8221;]@ET-DC@eyJkeW5hbWljIjp0cnVlLCJjb250ZW50IjoicG9zdF90aXRsZSIsInNldHRpbmdzIjp7ImJlZm9yZSI6IlxuICAgICAgICAgIDxoMT5cbiAgICAgICAgIiwiYWZ0ZXIiOiJcbiAgICAgICAgICA8L2gxPlxuICAgICAgICAifX0=@[\/et_pb_text][et_pb_text _builder_version=&#8221;4.19.2&#8243; _module_preset=&#8221;1f09816e-184e-4ce5-a4cf-b39c52c423ca&#8221; text_font=&#8221;Inter||||||||&#8221; text_text_color=&#8221;#E1ECEA&#8221; text_font_size=&#8221;18px&#8221; text_line_height=&#8221;1.8em&#8221; text_orientation=&#8221;center&#8221; text_font_size_tablet=&#8221;16px&#8221; text_font_size_phone=&#8221;14px&#8221; text_font_size_last_edited=&#8221;on|tablet&#8221; header_font_size_tablet=&#8221;55px&#8221; header_font_size_last_edited=&#8221;off|desktop&#8221; global_colors_info=&#8221;{}&#8221;]<\/p>\n<p style=\"text-align: center;\">\n            <em>training assistant, specialist clinical psychologist, supervisor in clinical psychology, autonomous psychotherapist in integrative psychotherapy, expert psychologist &#8211; clinical psychology<\/em>\n          <\/p>\n<p>[\/et_pb_text][\/et_pb_column][\/et_pb_row][et_pb_row _builder_version=&#8221;4.18.0&#8243; _module_preset=&#8221;default&#8221; positioning=&#8221;absolute&#8221; position_origin_a=&#8221;bottom_center&#8221; vertical_offset=&#8221;-1px&#8221; width=&#8221;100%&#8221; max_width=&#8221;100%&#8221; custom_padding=&#8221;||0px||false|false&#8221; locked=&#8221;off&#8221; global_colors_info=&#8221;{}&#8221;][et_pb_column type=&#8221;4_4&#8243; _builder_version=&#8221;4.17.3&#8243; _module_preset=&#8221;default&#8221; global_colors_info=&#8221;{}&#8221;][et_pb_image src=&#8221;https:\/\/www.psyntegra.com\/wp-content\/uploads\/2022\/10\/therapy-52.png&#8221; title_text=&#8221;therapy-52&#8243; force_fullwidth=&#8221;on&#8221; _builder_version=&#8221;4.19.1&#8243; _module_preset=&#8221;default&#8221; global_colors_info=&#8221;{}&#8221;][\/et_pb_image][\/et_pb_column][\/et_pb_row][\/et_pb_section][et_pb_section fb_built=&#8221;1&#8243; admin_label=&#8221;Formator 1&#8243; _builder_version=&#8221;4.18.0&#8243; _module_preset=&#8221;default&#8221; custom_margin=&#8221;||||false|false&#8221; custom_padding=&#8221;||||false|false&#8221; collapsed=&#8221;off&#8221; global_colors_info=&#8221;{}&#8221;][et_pb_row column_structure=&#8221;2_3,1_3&#8243; make_equal=&#8221;on&#8221; _builder_version=&#8221;4.23.1&#8243; _module_preset=&#8221;default&#8221; global_colors_info=&#8221;{}&#8221;][et_pb_column type=&#8221;2_3&#8243; _builder_version=&#8221;4.17.3&#8243; _module_preset=&#8221;default&#8221; custom_padding_tablet=&#8221;||30px||false|false&#8221; custom_padding_phone=&#8221;||30px||false|false&#8221; custom_padding_last_edited=&#8221;on|tablet&#8221; global_colors_info=&#8221;{}&#8221;][et_pb_text _builder_version=&#8221;4.19.2&#8243; _module_preset=&#8221;default&#8221; global_colors_info=&#8221;{}&#8221;]<\/p>\n<h1 style=\"text-align: justify;\">\n            <span style=\"color: #ba0322;\">Ionela-Larisa BUCUR<\/span><br \/>\n          <\/h1>\n<p>[\/et_pb_text][et_pb_text _builder_version=&#8221;4.23.1&#8243; _module_preset=&#8221;default&#8221; custom_padding=&#8221;13px|||||&#8221; hover_enabled=&#8221;0&#8243; global_colors_info=&#8221;{}&#8221; sticky_enabled=&#8221;0&#8243;]<\/p>\n<p>He is a specialist clinical psychologist, expert-supervisor in clinical psychology, autonomous psychotherapist in integrative psychotherapy, supervising psychologist specializing in work and organizational psychology within the Individual Psychology Cabinet, expert psychologist &#8211; clinical psychology, having skills in &#8220;psychological expertise of minor and major victims &#8220;, &#8220;psychological expertise of the child and the divorced family&#8221;.<\/p>\n<p align=\"justify\">He has published articles in specialized journals, book chapters and specialized papers in the field of clinical psychology and integrative psychotherapy under the guidance of Prof. Univ. Dr. Loredana\u2013Ileana V\u00eescu. He coordinated workshops within the International Conference <em>&#8220;Supervision in psychotherapy&#8221;<\/em> (www.icsp.eu). On a local level, she was invited by local schools to conduct dialogues with students and teachers on topics related to the stages of child and adolescent development, as well as topics related to non-formal education, she was a coordinating psychologist in the program &#8220;<em>The moms club<\/em>\u201d, where the development stage of the infant was addressed and the creation of a support group for expectant and new mothers.<\/p>\n<p align=\"justify\">Areas of interest are dictated by the variety of problems and ages of clients, which are found in the field of clinical psychology, psychotherapy, and forensic and extrajudicial psychological expertise within the scope of acquired competencies.<\/p>\n<div align=\"justify\">\u00a0<\/div>\n<div align=\"justify\">Emissions:<\/div>\n<ul>\n<li style=\"list-style-type: none;\">\n<ul>\n<li><a href=\"https:\/\/www.youtube.com\/watch?v=lciBjBr3iI0\" target=\"_blank\" rel=\"noopener\">Ionela Larisa Bucur &#8211; interviul s\u0103pt\u0103m\u00e2nii<\/a><\/li>\n<li><a href=\"https:\/\/www.facebook.com\/teleeuropanovatimisoara\/videos\/320250403010469\" target=\"_blank\" rel=\"noopener\">Management of emotions in the state of conflict<\/a><\/li>\n<li><a href=\"https:\/\/www.youtube.com\/watch?v=FYje-_wdFXQ\" target=\"_blank\" rel=\"noopener\">Self-image and self-esteem, how it impacts our lives<\/a><\/li>\n<li>Born to evolve with \u0218tefan Marcu: Management of emotions in a state of conflict<\/li>\n<li>Repere psihologice cu psih. Andra Ple\u0219a:- V\u00e2rsta adult\u0103 t\u00e2rzie<\/li>\n<\/ul>\n<p><em>Email: <a href=\"mailto:bucurlarisaionela@gmail.com\">bucurlarisaionela@gmail.com<\/a><br \/><\/em><em style=\"font-size: 16px;\">Telefon: 0725 916 199<\/em><\/p>\n<p><a href=\"https:\/\/www.psyntegra.com\/wp-content\/uploads\/2022\/12\/CV-Bucur.pdf\" rel=\"attachment wp-att-12961\">CV eng. Bucur<\/a><\/p>\n<\/li>\n<\/ul>\n<p>[\/et_pb_text][\/et_pb_column][et_pb_column type=&#8221;1_3&#8243; _builder_version=&#8221;4.17.1&#8243; _module_preset=&#8221;default&#8221; global_colors_info=&#8221;{}&#8221;][et_pb_image src=&#8221;https:\/\/www.psyntegra.com\/wp-content\/uploads\/2022\/10\/therapy-27.png&#8221; title_text=&#8221;therapy 27&#8243; align=&#8221;right&#8221; _builder_version=&#8221;4.17.3&#8243; _module_preset=&#8221;default&#8221; positioning=&#8221;absolute&#8221; position_origin_a=&#8221;top_right&#8221; width=&#8221;50%&#8221; custom_margin=&#8221;||||false|false&#8221; global_colors_info=&#8221;{}&#8221;][\/et_pb_image][et_pb_image src=&#8221;https:\/\/www.psyntegra.com\/wp-content\/uploads\/2022\/10\/formator9.jpg&#8221; title_text=&#8221;formator9&#8243; show_bottom_space=&#8221;off&#8221; align=&#8221;center&#8221; _builder_version=&#8221;4.19.2&#8243; _module_preset=&#8221;default&#8221; z_index=&#8221;1&#8243; width=&#8221;70%&#8221; border_radii=&#8221;off|400px|400px||&#8221; locked=&#8221;off&#8221; global_colors_info=&#8221;{}&#8221;][\/et_pb_image][et_pb_divider show_divider=&#8221;off&#8221; _builder_version=&#8221;4.18.0&#8243; _module_preset=&#8221;default&#8221; background_color=&#8221;#66AFA5&#8243; positioning=&#8221;absolute&#8221; position_origin_a=&#8221;bottom_left&#8221; width=&#8221;120px&#8221; width_tablet=&#8221;20vw&#8221; width_phone=&#8221;20vw&#8221; width_last_edited=&#8221;on|tablet&#8221; height=&#8221;120px&#8221; height_tablet=&#8221;20vw&#8221; height_phone=&#8221;20vw&#8221; height_last_edited=&#8221;on|tablet&#8221; custom_margin=&#8221;||-15%||false|false&#8221; custom_margin_tablet=&#8221;||-15%||false|false&#8221; custom_margin_phone=&#8221;||-15%||false|false&#8221; custom_margin_last_edited=&#8221;on|tablet&#8221; border_radii=&#8221;on|200px|200px|200px|200px&#8221; locked=&#8221;off&#8221; global_colors_info=&#8221;{}&#8221;][\/et_pb_divider][\/et_pb_column][\/et_pb_row][\/et_pb_section]<\/p>\n","protected":false},"excerpt":{"rendered":"<p>training assistant, specialist clinical psychologist, supervisor in clinical psychology, autonomous psychotherapist in integrative psychotherapy, expert psychologist &#8211; clinical psychology Ionela-Larisa BUCUR He is a specialist clinical psychologist, expert-supervisor in clinical psychology, autonomous psychotherapist in integrative psychotherapy, supervising psychologist specializing in work and organizational psychology within the Individual Psychology Cabinet, expert psychologist &#8211; clinical psychology, having [&hellip;]<\/p>\n","protected":false},"author":1,"featured_media":0,"parent":11773,"menu_order":0,"comment_status":"closed","ping_status":"closed","template":"","meta":{"_et_pb_use_builder":"on","_et_pb_old_content":"","_et_gb_content_width":"","footnotes":""},"class_list":["post-16221","page","type-page","status-publish","hentry"],"_links":{"self":[{"href":"https:\/\/www.psyntegra.com\/en\/wp-json\/wp\/v2\/pages\/16221","targetHints":{"allow":["GET"]}}],"collection":[{"href":"https:\/\/www.psyntegra.com\/en\/wp-json\/wp\/v2\/pages"}],"about":[{"href":"https:\/\/www.psyntegra.com\/en\/wp-json\/wp\/v2\/types\/page"}],"author":[{"embeddable":true,"href":"https:\/\/www.psyntegra.com\/en\/wp-json\/wp\/v2\/users\/1"}],"replies":[{"embeddable":true,"href":"https:\/\/www.psyntegra.com\/en\/wp-json\/wp\/v2\/comments?post=16221"}],"version-history":[{"count":0,"href":"https:\/\/www.psyntegra.com\/en\/wp-json\/wp\/v2\/pages\/16221\/revisions"}],"up":[{"embeddable":true,"href":"https:\/\/www.psyntegra.com\/en\/wp-json\/wp\/v2\/pages\/11773"}],"wp:attachment":[{"href":"https:\/\/www.psyntegra.com\/en\/wp-json\/wp\/v2\/media?parent=16221"}],"curies":[{"name":"wp","href":"https:\/\/api.w.org\/{rel}","templated":true}]}}

<p>[et_pb_section fb_built=&#8221;1&#8243; admin_label=&#8221;Header&#8221; _builder_version=&#8221;4.19.1&#8243; _module_preset=&#8221;default&#8221; use_background_color_gradient=&#8221;on&#8221; background_color_gradient_stops=&#8221;#0367a5 25%|rgba(46,91,97,0) 100%&#8221; background_color_gradient_overlays_image=&#8221;on&#8221; background_image=&#8221;https://www.psyntegra.com/wp-content/uploads/2022/10/contact.jpg&#8221; custom_padding=&#8221;||8vw||false|false&#8221; bottom_divider_style=&#8221;curve&#8221; bottom_divider_color=&#8221;#FFFFFF&#8221; bottom_divider_height=&#8221;8vw&#8221; locked=&#8221;off&#8221; collapsed=&#8221;off&#8221; global_colors_info=&#8221;{}&#8221;][et_pb_row _builder_version=&#8221;4.17.3&#8243; _module_preset=&#8221;default&#8221; width=&#8221;50%&#8221; width_tablet=&#8221;80%&#8221; width_phone=&#8221;80%&#8221; width_last_edited=&#8221;on|tablet&#8221; global_colors_info=&#8221;{}&#8221; width__hover_enabled=&#8221;off|desktop&#8221;][et_pb_column type=&#8221;4_4&#8243; _builder_version=&#8221;4.17.1&#8243; _module_preset=&#8221;default&#8221; global_colors_info=&#8221;{}&#8221;][et_pb_text _builder_version=&#8221;4.18.0&#8243; _dynamic_attributes=&#8221;content&#8221; _module_preset=&#8221;c16985e1-e0d6-4022-964d-e2bfc04fa633&#8243; header_font=&#8221;Cormorant Garamond|700|||||||&#8221; header_text_color=&#8221;#E1ECEA&#8221; header_font_size=&#8221;90px&#8221; header_line_height=&#8221;1.1em&#8221; text_orientation=&#8221;center&#8221; custom_margin=&#8221;||0px||false|false&#8221; header_font_size_tablet=&#8221;40px&#8221; header_font_size_phone=&#8221;24px&#8221; header_font_size_last_edited=&#8221;on|desktop&#8221; global_colors_info=&#8221;{}&#8221;]@ET-DC@eyJkeW5hbWljIjp0cnVlLCJjb250ZW50IjoicG9zdF90aXRsZSIsInNldHRpbmdzIjp7ImJlZm9yZSI6IlxuICAgICAgICAgIDxoMT5cbiAgICAgICAgIiwiYWZ0ZXIiOiJcbiAgICAgICAgICA8L2gxPlxuICAgICAgICAifX0=@[/et_pb_text][et_pb_text _builder_version=&#8221;4.19.2&#8243; _module_preset=&#8221;1f09816e-184e-4ce5-a4cf-b39c52c423ca&#8221; text_font=&#8221;Inter||||||||&#8221; text_text_color=&#8221;#E1ECEA&#8221; text_font_size=&#8221;18px&#8221; text_line_height=&#8221;1.8em&#8221; text_orientation=&#8221;center&#8221; text_font_size_tablet=&#8221;16px&#8221; text_font_size_phone=&#8221;14px&#8221; text_font_size_last_edited=&#8221;on|tablet&#8221; header_font_size_tablet=&#8221;55px&#8221; header_font_size_last_edited=&#8221;off|desktop&#8221; global_colors_info=&#8221;{}&#8221;]</p>
<p style="text-align: center;">
            <em>training assistant, specialist clinical psychologist, supervisor in clinical psychology, autonomous psychotherapist in integrative psychotherapy, expert psychologist &#8211; clinical psychology</em>
          </p>
<p>[/et_pb_text][/et_pb_column][/et_pb_row][et_pb_row _builder_version=&#8221;4.18.0&#8243; _module_preset=&#8221;default&#8221; positioning=&#8221;absolute&#8221; position_origin_a=&#8221;bottom_center&#8221; vertical_offset=&#8221;-1px&#8221; width=&#8221;100%&#8221; max_width=&#8221;100%&#8221; custom_padding=&#8221;||0px||false|false&#8221; locked=&#8221;off&#8221; global_colors_info=&#8221;{}&#8221;][et_pb_column type=&#8221;4_4&#8243; _builder_version=&#8221;4.17.3&#8243; _module_preset=&#8221;default&#8221; global_colors_info=&#8221;{}&#8221;][et_pb_image src=&#8221;https://www.psyntegra.com/wp-content/uploads/2022/10/therapy-52.png&#8221; title_text=&#8221;therapy-52&#8243; force_fullwidth=&#8221;on&#8221; _builder_version=&#8221;4.19.1&#8243; _module_preset=&#8221;default&#8221; global_colors_info=&#8221;{}&#8221;][/et_pb_image][/et_pb_column][/et_pb_row][/et_pb_section][et_pb_section fb_built=&#8221;1&#8243; admin_label=&#8221;Formator 1&#8243; _builder_version=&#8221;4.18.0&#8243; _module_preset=&#8221;default&#8221; custom_margin=&#8221;||||false|false&#8221; custom_padding=&#8221;||||false|false&#8221; collapsed=&#8221;off&#8221; global_colors_info=&#8221;{}&#8221;][et_pb_row column_structure=&#8221;2_3,1_3&#8243; make_equal=&#8221;on&#8221; _builder_version=&#8221;4.23.1&#8243; _module_preset=&#8221;default&#8221; global_colors_info=&#8221;{}&#8221;][et_pb_column type=&#8221;2_3&#8243; _builder_version=&#8221;4.17.3&#8243; _module_preset=&#8221;default&#8221; custom_padding_tablet=&#8221;||30px||false|false&#8221; custom_padding_phone=&#8221;||30px||false|false&#8221; custom_padding_last_edited=&#8221;on|tablet&#8221; global_colors_info=&#8221;{}&#8221;][et_pb_text _builder_version=&#8221;4.19.2&#8243; _module_preset=&#8221;default&#8221; global_colors_info=&#8221;{}&#8221;]</p>
<h1 style="text-align: justify;">
            <span style="color: #ba0322;">Ionela-Larisa BUCUR</span><br />
          </h1>
<p>[/et_pb_text][et_pb_text _builder_version=&#8221;4.23.1&#8243; _module_preset=&#8221;default&#8221; custom_padding=&#8221;13px|||||&#8221; hover_enabled=&#8221;0&#8243; global_colors_info=&#8221;{}&#8221; sticky_enabled=&#8221;0&#8243;]</p>
<p>He is a specialist clinical psychologist, expert-supervisor in clinical psychology, autonomous psychotherapist in integrative psychotherapy, supervising psychologist specializing in work and organizational psychology within the Individual Psychology Cabinet, expert psychologist &#8211; clinical psychology, having skills in &#8220;psychological expertise of minor and major victims &#8220;, &#8220;psychological expertise of the child and the divorced family&#8221;.</p>
<p align="justify">He has published articles in specialized journals, book chapters and specialized papers in the field of clinical psychology and integrative psychotherapy under the guidance of Prof. Univ. Dr. Loredana–Ileana Vîscu. He coordinated workshops within the International Conference <em>&#8220;Supervision in psychotherapy&#8221;</em> (www.icsp.eu). On a local level, she was invited by local schools to conduct dialogues with students and teachers on topics related to the stages of child and adolescent development, as well as topics related to non-formal education, she was a coordinating psychologist in the program &#8220;<em>The moms club</em>”, where the development stage of the infant was addressed and the creation of a support group for expectant and new mothers.</p>
<p align="justify">Areas of interest are dictated by the variety of problems and ages of clients, which are found in the field of clinical psychology, psychotherapy, and forensic and extrajudicial psychological expertise within the scope of acquired competencies.</p>
<div align="justify"> </div>
<div align="justify">Emissions:</div>
<ul>
<li style="list-style-type: none;">
<ul>
<li><a href="https://www.youtube.com/watch?v=lciBjBr3iI0" target="_blank" rel="noopener">Ionela Larisa Bucur &#8211; interviul săptămânii</a></li>
<li><a href="https://www.facebook.com/teleeuropanovatimisoara/videos/320250403010469" target="_blank" rel="noopener">Management of emotions in the state of conflict</a></li>
<li><a href="https://www.youtube.com/watch?v=FYje-_wdFXQ" target="_blank" rel="noopener">Self-image and self-esteem, how it impacts our lives</a></li>
<li>Born to evolve with Ștefan Marcu: Management of emotions in a state of conflict</li>
<li>Repere psihologice cu psih. Andra Pleșa:- Vârsta adultă târzie</li>
</ul>
<p><em>Email: <a href="mailto:bucurlarisaionela@gmail.com">bucurlarisaionela@gmail.com</a><br /></em><em style="font-size: 16px;">Telefon: 0725 916 199</em></p>
<p><a href="https://www.psyntegra.com/wp-content/uploads/2022/12/CV-Bucur.pdf" rel="attachment wp-att-12961">CV eng. Bucur</a></p>
</li>
</ul>
<p>[/et_pb_text][/et_pb_column][et_pb_column type=&#8221;1_3&#8243; _builder_version=&#8221;4.17.1&#8243; _module_preset=&#8221;default&#8221; global_colors_info=&#8221;{}&#8221;][et_pb_image src=&#8221;https://www.psyntegra.com/wp-content/uploads/2022/10/therapy-27.png&#8221; title_text=&#8221;therapy 27&#8243; align=&#8221;right&#8221; _builder_version=&#8221;4.17.3&#8243; _module_preset=&#8221;default&#8221; positioning=&#8221;absolute&#8221; position_origin_a=&#8221;top_right&#8221; width=&#8221;50%&#8221; custom_margin=&#8221;||||false|false&#8221; global_colors_info=&#8221;{}&#8221;][/et_pb_image][et_pb_image src=&#8221;https://www.psyntegra.com/wp-content/uploads/2022/10/formator9.jpg&#8221; title_text=&#8221;formator9&#8243; show_bottom_space=&#8221;off&#8221; align=&#8221;center&#8221; _builder_version=&#8221;4.19.2&#8243; _module_preset=&#8221;default&#8221; z_index=&#8221;1&#8243; width=&#8221;70%&#8221; border_radii=&#8221;off|400px|400px||&#8221; locked=&#8221;off&#8221; global_colors_info=&#8221;{}&#8221;][/et_pb_image][et_pb_divider show_divider=&#8221;off&#8221; _builder_version=&#8221;4.18.0&#8243; _module_preset=&#8221;default&#8221; background_color=&#8221;#66AFA5&#8243; positioning=&#8221;absolute&#8221; position_origin_a=&#8221;bottom_left&#8221; width=&#8221;120px&#8221; width_tablet=&#8221;20vw&#8221; width_phone=&#8221;20vw&#8221; width_last_edited=&#8221;on|tablet&#8221; height=&#8221;120px&#8221; height_tablet=&#8221;20vw&#8221; height_phone=&#8221;20vw&#8221; height_last_edited=&#8221;on|tablet&#8221; custom_margin=&#8221;||-15%||false|false&#8221; custom_margin_tablet=&#8221;||-15%||false|false&#8221; custom_margin_phone=&#8221;||-15%||false|false&#8221; custom_margin_last_edited=&#8221;on|tablet&#8221; border_radii=&#8221;on|200px|200px|200px|200px&#8221; locked=&#8221;off&#8221; global_colors_info=&#8221;{}&#8221;][/et_pb_divider][/et_pb_column][/et_pb_row][/et_pb_section]</p>
